{"id":73,"date":"2024-02-08T10:37:56","date_gmt":"2024-02-08T09:37:56","guid":{"rendered":"https:\/\/tiphainedebelloy.fr\/?page_id=73"},"modified":"2024-09-24T13:26:50","modified_gmt":"2024-09-24T11:26:50","slug":"contact","status":"publish","type":"page","link":"https:\/\/tiphainedebelloy.fr\/?page_id=73","title":{"rendered":"Contact"},"content":{"rendered":"\n    \n    <section class=\"u-clearfix u-section-2\" id=\"sec-e161\">\n      <div class=\"u-clearfix u-sheet u-sheet-1\">\n        <div class=\"u-form u-form-1\">\n          <form action=\"https:\/\/forms.nicepagesrv.com\/v2\/form\/process\" class=\"u-clearfix u-form-spacing-10 u-form-vertical u-inner-form\" source=\"email\" name=\"form\" style=\"padding: 10px;\">\n            <div class=\"u-form-group u-form-name\">\n              <label for=\"name-0473\" class=\"u-custom-font u-label u-label-1\">Nom<\/label>\n              <input type=\"text\" placeholder=\"Saisir votre nom\" id=\"name-0473\" name=\"name\" class=\"u-input u-input-rectangle\" required=\"\">\n            <\/div>\n            <div class=\"u-form-email u-form-group\">\n              <label for=\"email-0473\" class=\"u-custom-font u-label u-label-2\">Courriel<\/label>\n              <input type=\"email\" placeholder=\"Saisir une adresse mail valide\" id=\"email-0473\" name=\"email\" class=\"u-input u-input-rectangle\" required=\"\">\n            <\/div>\n            <div class=\"u-form-checkbox u-form-group u-form-group-3\">\n              <input type=\"checkbox\" id=\"checkbox-ae0f\" name=\"checkbox\" value=\"On\" class=\"u-field-input\">\n              <label for=\"checkbox-ae0f\" class=\"u-field-label\">Je souhaite recevoir la newsletter <\/label>\n            <\/div>\n            <div class=\"u-form-group u-form-message\">\n              <label for=\"message-0473\" class=\"u-custom-font u-label u-label-3\">Message<\/label>\n              <textarea rows=\"4\" cols=\"50\" id=\"message-0473\" name=\"message\" class=\"u-input u-input-rectangle\" required=\"\"><\/textarea>\n            <\/div>\n            <div class=\"u-form-group u-form-select u-form-group-5\">\n              <label for=\"select-6376\" class=\"u-custom-font u-label u-label-4\">Vous \u00eates int\u00e9ress\u00e9 par ...<\/label>\n              <div class=\"u-form-select-wrapper\">\n                <select id=\"select-6376\" name=\"select\" class=\"u-input u-input-rectangle\">\n                  <option value=\"Sculpture 2\" data-calc=\"Sculpture 2\">Sculptures<\/option>\n                  <option value=\"Portrait1\" data-calc=\"Portrait1\">Peintures<\/option>\n                  <option value=\"Autres\" data-calc=\"\">Autres<\/option>\n                <\/select>\n                <svg class=\"u-caret u-caret-svg\" version=\"1.1\" id=\"Layer_1\" xmlns=\"http:\/\/www.w3.org\/2000\/svg\" xmlns:xlink=\"http:\/\/www.w3.org\/1999\/xlink\" x=\"0px\" y=\"0px\" width=\"16px\" height=\"16px\" viewBox=\"0 0 16 16\" style=\"fill:currentColor;\" xml:space=\"preserve\"><polygon class=\"st0\" points=\"8,12 2,4 14,4 \"><\/polygon><\/svg>\n              <\/div>\n            <\/div>\n            <div class=\"u-align-left u-form-group u-form-submit\">\n              <a href=\"#\" class=\"u-btn u-btn-submit u-button-style\">Soumettre<\/a>\n              <input type=\"submit\" value=\"submit\" class=\"u-form-control-hidden\">\n            <\/div>\n            <div class=\"u-form-send-message u-form-send-success\"> Merci ! Votre message a \u00e9t\u00e9 envoy\u00e9. <\/div>\n            <div class=\"u-form-send-error u-form-send-message\"> Impossible d'envoyer votre message. Merci de corriger les erreurs et r\u00e9essayer. <\/div>\n            <input type=\"hidden\" value=\"\" name=\"recaptchaResponse\">\n            <input type=\"hidden\" name=\"formServices\" value=\"f27b6f2c-1bf4-b4e0-bbb0-254da5fcedbb\">\n          <\/form>\n        <\/div>\n      <\/div>\n    <\/section>\n    \n    \n    \n    \n  \n","protected":false},"excerpt":{"rendered":"<p>Nom Courriel Je souhaite recevoir la newsletter Message Vous \u00eates int\u00e9ress\u00e9 par &#8230; Sculptures Peintures Autres Soumettre Merci ! Votre message a \u00e9t\u00e9 envoy\u00e9. Impossible d&#8217;envoyer votre message. Merci de corriger les erreurs et r\u00e9essayer.<\/p>\n","protected":false},"author":1,"featured_media":0,"parent":0,"menu_order":3,"comment_status":"closed","ping_status":"closed","template":"","meta":{"footnotes":""},"class_list":["post-73","page","type-page","status-publish","hentry"],"_links":{"self":[{"href":"https:\/\/tiphainedebelloy.fr\/index.php?rest_route=\/wp\/v2\/pages\/73"}],"collection":[{"href":"https:\/\/tiphainedebelloy.fr\/index.php?rest_route=\/wp\/v2\/pages"}],"about":[{"href":"https:\/\/tiphainedebelloy.fr\/index.php?rest_route=\/wp\/v2\/types\/page"}],"author":[{"embeddable":true,"href":"https:\/\/tiphainedebelloy.fr\/index.php?rest_route=\/wp\/v2\/users\/1"}],"replies":[{"embeddable":true,"href":"https:\/\/tiphainedebelloy.fr\/index.php?rest_route=%2Fwp%2Fv2%2Fcomments&post=73"}],"version-history":[{"count":4,"href":"https:\/\/tiphainedebelloy.fr\/index.php?rest_route=\/wp\/v2\/pages\/73\/revisions"}],"predecessor-version":[{"id":631,"href":"https:\/\/tiphainedebelloy.fr\/index.php?rest_route=\/wp\/v2\/pages\/73\/revisions\/631"}],"wp:attachment":[{"href":"https:\/\/tiphainedebelloy.fr\/index.php?rest_route=%2Fwp%2Fv2%2Fmedia&parent=73"}],"curies":[{"name":"wp","href":"https:\/\/api.w.org\/{rel}","templated":true}]}}